
1
What is the hundreds digit of 4739914300?
3
What is the units digit of 145356784?
4
What is the tens digit of 33382837?
3
What is the hundred millions digit of 159411133?
1
What is the ten millions digit of 40258792?
4
What is the millions digit of 2538413376?
8
What is the ten thousands digit of 70235959?
3
What is the hundreds digit of 692069288?
2
What is the ten thousands digit of 756191059?
9
What is the ten thousands digit of 305362173?
6
What is the ten millions digit of 567532796?
6
What is the hundred thousands digit of 863941637?
9
What is the ten millions digit of 3855601327?
5
What is the millions digit of 207991086?
7
What is the thousands digit of 733406922?
6
What is the units digit of 393927669?
9
What is the thousands digit of 360203884?
3
What is the hundreds digit of 307382865?
8
What is the hundred millions digit of 1267777709?
2
What is the units digit of 3697270283?
3
What is the hundred thousands digit of 6475563864?
5
What is the millions digit of 189855932?
9
What is the ten millions digit of 7215877119?
1
What is the ten millions digit of 230837575?
3
What is the units digit of 66782563?
3
What is the ten millions digit of 192772484?
9
What is the hundreds digit of 45386583?
5
What is the hundred thousands digit of 111173580?
1
What is the tens digit of 284735951?
5
What is the units digit of 2829340324?
4
What is the ten millions digit of 12253444?
1
What is the ten thousands digit of 419046765?
4
What is the hundreds digit of 399475075?
0
What is the billions digit of 2052575965?
2
What is the units digit of 197718258?
8
What is the tens digit of 51009572?
7
What is the units digit of 1097673851?
1
What is the ten thousands digit of 20313315?
1
What is the hundreds digit of 5993670?
6
What is the billions digit of 3148079916?
3
What is the thousands digit of 1833543371?
3
What is the units digit of 512575363?
3
What is the ten millions digit of 109514910?
0
What is the units digit of 116654586?
6
What is the thousands digit of 62343411?
3
What is the billions digit of 4422884030?
4
What is the tens digit of 1406850810?
1
What is the tens digit of 8032193?
9
What is the hundred millions digit of 464922567?
4
What is the hundreds digit of 61939879?
8
What is the tens digit of 287436876?
7
What is the tens digit of 3617054674?
7
What is the units digit of 26656290?
0
What is the millions digit of 809484746?
9
What is the units digit of 731384442?
2
What is the ten thousands digit of 2260594450?
9
What is the hundred thousands digit of 2465408061?
4
What is the tens digit of 176206086?
8
What is the thousands digit of 282730465?
0
What is the tens digit of 94790787?
8
What is the ten millions digit of 70926437?
7
What is the billions digit of 3212966823?
3
What is the billions digit of 1132497136?
1
What is the hundreds digit of 984764927?
9
What is the ten thousands digit of 12373512?
7
What is the units digit of 177324871?
1
What is the tens digit of 589330915?
1
What is the thousands digit of 1312081576?
1
What is the hundreds digit of 506658969?
9
What is the tens digit of 40937399?
9
What is the hundreds digit of 40733606?
6
What is the thousands digit of 450470396?
0
What is the ten thousands digit of 7106106541?
0
What is the tens digit of 383229595?
9
What is the tens digit of 418422101?
0
What is the hundreds digit of 1123489295?
2
What is the ten millions digit of 335644599?
3
What is the hundreds digit of 135856713?
7
What is the units digit of 815548231?
1
What is the units digit of 1166155030?
0
What is the ten millions digit of 60752843?
6
What is the tens digit of 22149185?
8
What is the ten millions digit of 3676792188?
7
What is the tens digit of 91501078?
7
What is the hundreds digit of 1536607774?
7
What is the hundreds digit of 91731464?
4
What is the millions digit of 45699070?
5
What is the ten thousands digit of 52658547?
5
What is the hundred thousands digit of 47548746?
5
What is the hundreds digit of 16851806?
8
What is the hundred millions digit of 166650983?
1
What is the units digit of 67062204?
4
What is the ten millions digit of 41654709?
4
What is the ten thousands digit of 1446350028?
5
What is the thousands digit of 330966918?
6
What is the millions digit of 48976311?
8
What is the hundred thousands digit of 3402258796?
2
What is the units digit of 6582689?
9
What is the thousands digit of 331011839?
1
What is the ten millions digit of 1123885475?
2
What is the hundreds digit of 39627941?
9
What is the tens digit of 3479381609?
0
What is the hundreds digit of 663325071?
0
What is the billions digit of 1059230761?
1
What is the thousands digit of 6092711014?
1
What is the hundreds digit of 4936875984?
9
What is the tens digit of 4114489414?
1
What is the units digit of 93715864?
4
What is the millions digit of 177017441?
7
What is the hundred thousands digit of 939841816?
8
What is the ten millions digit of 566647198?
6
What is the hundred millions digit of 937060262?
9
What is the thousands digit of 598304954?
4
What is the hundreds digit of 3910011?
0
What is the hundred millions digit of 1276604587?
2
What is the hundreds digit of 115840319?
3
What is the billions digit of 1964549665?
1
What is the thousands digit of 3437810446?
0
What is the tens digit of 2772529570?
7
What is the thousands digit of 127422873?
2
What is the hundred millions digit of 154579442?
1
What is the hundred thousands digit of 2414814294?
8
What is the hundreds digit of 51971101?
1
What is the thousands digit of 229953100?
3
What is the ten millions digit of 69256556?
6
What is the tens digit of 51829385?
8
What is the millions digit of 3037691619?
7
What is the hundreds digit of 26679380?
3
What is the ten thousands digit of 218214582?
1
What is the millions digit of 865701929?
5
What is the hundreds digit of 3310565426?
4
What is the hundred millions digit of 196713398?
1
What is the ten millions digit of 334813417?
3
What is the units digit of 3499972061?
1
What is the billions digit of 5010432297?
5
What is the millions digit of 11480637?
1
What is the ten millions digit of 252239955?
5
What is the thousands digit of 777743014?
3
What is the thousands digit of 821138416?
8
What is the tens digit of 208250983?
8
What is the thousands digit of 125963816?
3
What is the ten thousands digit of 698584782?
8
What is the ten millions digit of 599476076?
9
What is the hundred thousands digit of 314977430?
9
What is the ten millions digit of 2549544248?
4
What is the tens digit of 61685238?
3
What is the millions digit of 111511353?
1
What is the tens digit of 217909808?
0
What is the thousands digit of 79880337?
0
What is the thousands digit of 1563017262?
7
What is the hundred millions digit of 573709379?
5
What is the hundred thousands digit of 1308014809?
0
What is the millions digit of 37433151?
7
What is the ten millions digit of 481169588?
8
What is the tens digit of 5886669998?
9
What is the hundred millions digit of 1144814209?
1
What is the ten thousands digit of 3596496881?
9
What is the hundreds digit of 764791510?
5
What is the hundreds digit of 74647363?
3
What is the thousands digit of 5057710464?
0
What is the millions digit of 4225813685?
5
What is the ten thousands digit of 136806466?
0
What is the hundred thousands digit of 212015039?
0
What is the ten thousands digit of 580693527?
9
What is the thousands digit of 5245637?
5
What is the ten millions digit of 114673531?
1
What is the ten millions digit of 25079660?
2
What is the hundred millions digit of 1365544491?
3
What is the hundred thousands digit of 203426174?
4
What is the ten millions digit of 475150698?
7
What is the hundreds digit of 2490027869?
8
What is the hundreds digit of 24317282?
2
What is the hundreds digit of 2648746151?
1
What is the units digit of 171189841?
1
What is the hundreds digit of 68758800?
8
What is the units digit of 4617959759?
9
What is the tens digit of 714177032?
3
What is the millions digit of 55865054?
5
What is the ten millions digit of 415673004?
1
What is the hundred thousands digit of 193265425?
2
What is the units digit of 553469462?
2
What is the hundred thousands digit of 36619239?
6
What is the millions digit of 65018326?
5
What is the ten thousands digit of 21764681?
6
What is the tens digit o